s digit of 108187?
8
What is the units digit of 1486?
6
What is the units digit of 6346?
6
What is the hundreds digit of 1854?
8
What is the hundreds digit of 5869?
8
What is the units digit of 1456?
6
What is the tens digit of 11372?
7
What is the hundreds digit of 3490?
4
What is the tens digit of 752?
5
What is the units digit of 5516?
6
What is the tens digit of 1912?
1
What is the units digit of 14245?
5
What is the hundreds digit of 10879?
8
What is the thousands digit of 18950?
8
What is the tens digit of 376?
7
What is the thousands digit of 9868?
9
What is the ten thousands digit of 56931?
5
What is the ten thousands digit of 42741?
4
What is the thousands digit of 79455?
9
What is the tens digit of 1102?
0
What is the units digit of 401?
1
What is the thousands digit of 5085?
5
What is the units digit of 4480?
0
What is the ten thousands digit of 96650?
9
What is the thousands digit of 8347?
8
What is the hundreds digit of 121810?
8
What is the units digit of 11846?
6
What is the thousands digit of 44154?
4
What is the units digit of 2820?
0
What is the tens digit of 665?
6
What is the thousands digit of 3422?
3
What is the tens digit of 647?
4
What is the thousands digit of 3247?
3
What is the units digit of 26847?
7
What is the thousands digit of 7891?
7
What is the units digit of 21035?
5
What is the tens digit of 11947?
4
What is the units digit of 28106?
6
What is the units digit of 26453?
3
What is the thousands digit of 34574?
4
What is the tens digit of 68704?
0
What is the thousands digit of 38100?
8
What is the tens digit of 1522?
2
What is the thousands digit of 16019?
6
What is the thousands digit of 52316?
2
What is the tens digit of 805?
0
What is the units digit of 127520?
0
What is the thousands digit of 23052?
3
What is the ten thousands digit of 24920?
2
What is the units digit of 14141?
1
What is the units digit of 2170?
0
What is the tens digit of 1600?
0
What is the units digit of 2813?
3
What is the hundreds digit of 157?
1
What is the units digit of 726?
6
What is the hundreds digit of 1794?
7
What is the units digit of 937?
7
What is the tens digit of 3628?
2
What is the thousands digit of 9964?
9
What is the units digit of 7310?
0
What is the hundreds digit of 2273?
2
What is the units digit of 152?
2
What is the thousands digit of 11409?
1
What is the units digit of 278?
8
What is the tens digit of 3430?
3
What is the tens digit of 46333?
3
What is the tens digit of 6706?
0
What is the units digit of 3324?
4
What is the thousands digit of 9370?
9
What is the units digit of 103106?
6
What is the hundreds digit of 10769?
7
What is the tens digit of 338?
3
What is the thousands digit of 14962?
4
What is the ten thousands digit of 128421?
2
What is the hundred thousands digit of 109035?
1
What is the tens digit of 1181?
8
What is the hundreds digit of 3591?
5
What is the thousands digit of 1316?
1
What is the units digit of 3711?
1
What is the units digit of 927?
7
What is the units digit of 40?
0
What is the tens digit of 2986?
8
What is the ten thousands digit of 127346?
2
What is the tens digit of 918?
1
What is the thousands digit of 17397?
7
What is the hundred thousands digit of 104159?
1
What is the units digit of 1155?
5
What is the tens digit of 16826?
2
What is the hundreds digit of 45710?
7
What is the units digit of 22897?
7
What is the tens digit of 15739?
3
What is the hundreds digit of 4292?
2
What is the tens digit of 12169?
6
What is the hundreds digit of 59882?
8
What is the ten thousands digit of 23833?
2
What is the units digit of 23832?
2
What is the tens digit of 9495?
9
What is the hundreds digit of 8879?
8
What is the hundreds digit of 5453?
4
What is the thousands digit of 23866?
3
What is the thousands digit of 12134?
2
What is the units digit of 123367?
7
What is the units digit of 6888?
8
What is the tens digit of 12264?
6
What is the units digit of 1586?
6
What is the ten thousands digit of 11544?
1
What is the ten thousands digit of 172114?
7
What is the hundreds digit of 627?
6
What is the thousands digit of 56301?
6
What is the units digit of 86706?
6
What is the units digit of 112959?
9
What is the thousands digit of 1302?
1
What is the hundreds digit of 108?
1
What is the units digit of 13?
3
What is the units digit of 554?
4
What is the tens digit of 338?
3
What is the ten thousands digit of 16382?
1
What is the tens digit of 25292?
9
What is the hundreds digit of 4683?
6
What is the tens digit of 2254?
5
What is the tens digit of 6754?
5
What is the thousands digit of 1490?
1
What is the tens digit of 8014?
1
What is the hundreds digit of 843?
8
What is the units digit of 56795?
5
What is the hundreds digit of 672?
6
What is the tens digit of 105?
0
What is the tens digit of 10013?
1
What is the hundreds digit of 5485?
4
What is the hundreds digit of 2072?
0
What is the units digit of 723?
3
What is the units digit of 562?
2
What is the tens digit of 4551?
5
What is the hundreds digit of 1660?
6
What is the thousands digit of 4001?
4
What is the ten thousands digit of 126352?
2
What is the hundreds digit of 694?
6
What is the thousands digit of 5344?
5
What is the hundreds digit of 9786?
7
What is the units digit of 43812?
2
What is the tens digit of 6823?
2
What is the thousands digit of 20262?
0
What is the thousands digit of 58644?
8
What is the tens digit of 331?
3
What is the units digit of 5996?
6
What is the tens digit of 1388?
8
What is the units digit of 159489?
9
What is the thousands digit of 4402?
4
What is the tens digit of 60706?
0
What is the units digit of 493?
3
What is the units digit of 21670?
0
What is the tens digit of 2637?
3
What is the units digit of 1419?
9
What is the tens digit of 76424?
2
What is the tens digit of 2226?
2
What is the thousands digit of 1676?
1
What is the units digit of 6138?
8
What is the units digit of 284?
4
What is the ten thousands digit of 49482?
4
What is the units digit of 991?
1
What is the hundreds digit of 4185?
1
What is the ten thousands digit of 17061?
1
What is the thousands digit of 34397?
4
What is the tens digit of 1368?
6
What is the units digit of 658?
8
What is the thousands digit of 25555?
5
What is the units digit of 890?
0
What is the tens digit of 2049?
4
What is the units digit of 1527?
7
What is the hundreds digit of 562?
5
What is the thousands digit of 21770?
1
What is the tens digit of 1119?
1
What is the tens digit of 14139?
3
What is the tens digit of 3901?
0
What is the units digit of 14915?
5
What is the hundreds digit of 2477?
4
What is the hundreds digit of 19937?
9
What is the hundreds digit of 8968?
9
What is the thousands digit of 19984?
9
What is the units digit of 2126?
6
What is the tens digit of 4558?
5
What is the hundreds digit of 26609?
6
What is the hundreds digit of 1154?
1
What is the ten thousands digit of 87729?
8
What is the ten thousands digit of 40901?
4
What is the units digit of 164?
4
What is the tens digit of 2734?
3
What is the units digit of 495?
5
What is the tens digit of 3993?
9
What is the units digit of 14104?
4
What is the hundreds digit of 18026?
0
What is the hundreds digit of 2870?
8
What is the units digit of 1914?
4
What is the hundreds digit of 1332?
3
What is the tens digit of 403?
0
What is the hundreds digit of 1719?
7
What is the tens digit of 12832?
3
What is the tens digit of 1276?
7
What is the ten thousands digit of 93301?
9
What is the units digit of 13884?
4
What is the units digit of 56627?
7
What is the thousands digit of 27777?
7
What is the units digit of 2502?
2
What is the tens digit of 149?
4
What is the thousands digit of 2471?
2
What is the ten thousands digit of 164037?
6
What is the hundred thousands digit of 167524?
1
What is the units digit of 993?
3
What is the thousands digit of 1094?
1
What is the ten thousands digit of 53271?
5
What is the tens digit of 555?
5
What is the units digit of 2771?
1
What is the hundreds digit of 3633?
6
What is the units digit of 8044?
4
What is the tens digit of 1148?
4
What is the tens digit of 1376?
7
What is the hundreds digit of 2514?
5
What is the thousands digit of 1739?
1
What is the tens digit of 752?
5
What is the ten thousands digit of 54020?
5
What is the units digit of 9476?
6
What is the 